2*m - 1. Calculate the remainder when w(-5) is divided by v.
4
Let t be ((-4)/(-5))/(2/10). Suppose -w + 16 = 5*v, -v + 28 = 3*w + t*v. Calculate the remainder when w is divided by (-16)/24*(-12)/2.
2
Let t = 9 - 5. Suppose 0 = 2*d - t*q - 34, -5*q = -d + 3*d - 16. What is the remainder when 49 is divided by d?
10
Let c(u) = -u**3 + 9*u**2 + u - 6. Let g = 0 - -9. What is the remainder when 5 is divided by c(g)?
2
Suppose 0 = -4*i - 2*i + 96. Calculate the remainder when 45 is divided by i.
13
Let x = 141 - 110. Calculate the remainder when 185 is divided by x.
30
Suppose -3*x + 7 + 2 = 0. Suppose -3*p + x*v = -0*v - 48, 0 = -3*v + 6. What is the remainder when p is divided by 7?
4
Let t(b) = b**2 - 2*b - 1. Let i be t(2). Let d = i - -4. Suppose -2*v = u + d*u - 28, -2*v = 2*u - 26. Calculate the remainder when 22 is divided by v.
10
Let j = -20 + 58. What is the remainder when j is divided by 20?
18
Suppose 5*l - 111 = d, -3*d - 3 = -0*d. Suppose -4*t + p + 177 = -4*p, -2*t - 2*p + 84 = 0. What is the remainder when t is divided by l?
21
Suppose 0 = -4*g - 5*a + 12, -9 = -3*g + 2*a. Suppose -4*o + g*q = q - 60, -3*q - 25 = -o. Let s = o + -8. Calculate the remainder when 13 is divided by s.
3
Suppose -8 = 2*v - 72. Suppose 3*t + 5 - v = 0. What is the remainder when 44 is divided by t?
8
Let j be 6*-2*1/(-2). Let v = j + -16. Let r(l) = l**3 + 9*l**2 - 13*l - 14. Calculate the remainder when r(v) is divided by 6.
4
Suppose -5*y = -b - 27, 5*b = -2*y + 4*b + 8. What is the remainder when 24 is divided by y?
4
What is the remainder when 7 - -18 - 8/2 is divided by 4?
1
Suppose 5*v + 26 = -4*d, 3*v - 3*d = -2*v + 2. Suppose -195 = -7*u - 69. Calculate the remainder when u is divided by v/(1 - -1) + 11.
8
Suppose 2*s - 32 = -5*m, 2*m - 8 = -0*m. Suppose -164 - s = 2*k. What is the remainder when (-4)/(-8) - k/2 is divided by 15?
13
Suppose q = -0 + 3. Let r = 10 - q. Calculate the remainder when r is divided by 4.
3
Suppose -4*j - 188 = -4*b, -b + 2*j + 1 + 50 = 0. Calculate the remainder when 211 is divided by b.
39
Suppose 4*w = 4*d + 48, 0 = 2*w - 3*d - 26. Let c(y) = y**3 - 5*y**2 - 12*y - 10. What is the remainder when w is divided by c(7)?
2
Let u = 253 + -143. Calculate the remainder when u is divided by 28.
26
Let t(p) = -37*p - 1. Let k be t(2). Let a be 1 + (-1)/((-3)/k). Let x = -8 - a. What is the remainder when x is divided by 6?
4
Suppose 4*v + 8 = 4*m, -2*m = -4*m - 3*v - 11. Suppose -6*s + 3*s + 96 = 0. What is the remainder when s is divided by -4 - -5 - (-17 - m)?
15
Let h(k) = -k**3 - 9*k**2 + 9*k + 2. Suppose -11 + 3 = -4*w. Suppose -a = 4*c + w, 17 = 5*c + 7. Calculate the remainder when h(a) is divided by 7.
5
Let s = 6 + -5. Calculate the remainder when s/2 + (-38)/(-4) is divided by 3.
1
Let t(g) be the second derivative of g**4/3 + g**3 + 2*g**2 - 3*g. Let x be t(-5). Suppose -x = -5*a - 24. Calculate the remainder when 38 is divided by a.
8
What is the remainder when 34/(-4)*-2*1 is divided by 12?
5
Suppose -31 = -5*k + n + 2*n, 2*k - 3*n = 16. What is the remainder when 14 is divided by (2 - k) + 11/1?
6
Let n = -11 + 17. What is the remainder when 22 is divided by 76/n - 14/21?
10
Calculate the remainder when -79*(-1 + -2)*(-12)/(-18) is divided by 10.
8
Let b(x) = x - 4. Let q be b(-10). Let n = -6 - q. Calculate the remainder when 23 is divided by n.
7
What is the remainder when 10 is divided by ((-40)/(-24))/(2/6)?
0
Let d = 22 - 9. Let i = 22 - d. Let v = 11 - -5. What is the remainder when v is divided by i?
7
Let r(j) = j + 14. Suppose 4*x + 84 = 4*g, -2*x + 21 = -3*g + 83. Let f = g - 12. What is the remainder when r(8) is divided by f?
6
Let z(c) be the first derivative of c**3/3 + c**2 - c - 2. Calculate the remainder when z(8) is divided by 27.
25
Suppose -5*h + 230 = 65. Calculate the remainder when 89 is divided by h.
23
Let c = 19 - -4. What is the remainder when c is divided by 13?
10
Let r be 27/9*(1 + -2). Let l = r + 18. Calculate the remainder when l is divided by 4.
3
Suppose 4*w = 8*w - 116. What is the remainder when w is divided by 15?
14
Suppose 2*w - 4*w + 6 = 0. Let n(t) = t**3 - 3*t**2 + t. What is the remainder when (-4)/14 - (-116)/14 is divided by n(w)?
2
Suppose 4*s + 3*l = -s - 54, -3*l + 18 = -s. Let j = 17 + s. Suppose 5*a + 2*g - 23 = 0, -a + 3*g - 13 = -4. Calculate the remainder when j is divided by a.
2
Suppose -3*q = 3*h + 2*q - 35, 3*h - 3*q = 3. What is the remainder when 3 is divided by (1/(-3))/(h/(-15))?
0
Let o(s) = s**3 - s**2 + 1. What is the remainder when o(3) is divided by 10?
9
Suppose 0 = -a + 4*u - 6, -2*a - u + 3 + 21 = 0. Calculate the remainder when a is divided by 6.
4
Let t = -18 - -88. Suppose r + 3*p = 6*r - 65, -t = -5*r + 2*p. Calculate the remainder when r is divided by 6.
4
Let t = -16 + 47. What is the remainder when t is divided by 16?
15
Let t = 204 + -123. What is the remainder when t is divided by 21?
18
Suppose 6*z - 105 = z. Let t(u) = 3*u + 22. Calculate the remainder when t(8) is divided by 7/(z/54) + -2.
14
Calculate the remainder when 104 is divided by 28/3 - 19/57.
5
Let l(h) = h**3 + 18*h**2 + 16. What is the remainder when 189 is divided by l(-18)?
13
Let w(h) = -8*h**2 + 7*h. Let f(a) = -8*a**2 + 6*a. Let r(z) = -6*f(z) + 5*w(z). Suppose d = -2*d + 36. Calculate the remainder when d is divided by r(1).
5
Let m(d) = -22*d**2 + 1. Let l be m(1). Let u = l + 33. Calculate the remainder when 47 is divided by u.
11
Suppose 5*a = -3*z + 249, 5*a + 2*z - 177 = 69. Suppose -i = 2*i - a. Calculate the remainder when i is divided by 10.
6
Let x = 4 + -3. Let v(r) be the first derivative of 11*r**4/2 + r**3/3 - r**2/2 + r - 2. What is the remainder when v(x) is divided by 8?
7
Let u = 19 + 24. Calculate the remainder when u is divided by 9.
7
Suppose -5*r + 420 = 5*z, -2*z + 253 = 3*r + 2*z. What is the remainder when r is divided by 43?
40
Let m = -10 + 8. What is the remainder when 50 is divided by 12 + (m - (-2 + -1))?
11
Let d(m) = 2*m**3 - 7*m**2 + 2*m + 5. Let n be d(3). Suppose j = n*j + 3, 201 = 4*q + j. Let z = 34 + -21. What is the remainder when q is divided by z?
12
Suppose 0 = -2*s - 3*s + 45. Suppose 0 = 5*i - 24 - 141. Calculate the remainder when i is divided by s.
6
Let i(m) = -m**2 - m + 24. Calculate the remainder when 45 is divided by i(3).
9
Suppose -l - 3*u = -2*l + 2, 0 = -l + u + 10. Calculate the remainder when 40 is divided by l.
12
Let h(a) = 21*a**3 - a**2. Let j be h(1). Calculate the remainder when -12*(1 - j/8) is divided by 5.
3
Let o = -10 + 18. Calculate the remainder when o is divided by 5.
3
Let y(o) = -o**2 - 5*o - 2. Let n be y(-5). Calculate the remainder when (159/6)/(n/(-4)) is divided by 18.
17
Suppose -2*t = -34 + 14. Calculate the remainder when 19 is divided by t.
9
Suppose 2*n + 2*n + 436 = 0. Let q = -30 - n. What is the remainder when q is divided by 20?
19
Let b be -2*2*(-3)/12. Suppose 3*y - 3 + 0 = 0. Calculate the remainder when y + 1 - -5*b is divided by 3.
1
Let f = -2 - -4. Suppose f*c + 6*o = 3*o + 26, 0 = 3*o. Suppose -2*b + 6*b - 5*k - 45 = 0, -10 = -3*b - k. What is the remainder when c is divided by b?
3
Let u = 7 + -10. Let j = 114 + u. Calculate the remainder when j is divided by 28.
27
Let o(v) = 2*v**2 + v - 5. Calculate the remainder when 37 is divided by o(-3).
7
Let z be 3/(-2) + (-2)/(-4). Let k = z + 2. Suppose -3 = -5*s + 2. What is the remainder when s is divided by k?
0
Suppose -5*b - w + 442 = 0, b + 0*b + 2*w - 92 = 0. Calculate the remainder when b is divided by 23.
19
Let r be (-2)/(-4) + 14/4. Let j = -4 + r. Suppose j = -2*l + 2*q + 82, 0*l + 5*l - q - 193 = 0. Calculate the remainder when l is divided by 13.
12
Let b = -8 - -5. Let w(a) be the third derivative of -a**4/4 + a**3/3 + 2*a**2. Calculate the remainder when 58 is divided by w(b).
18
Suppose 0 = 3*w - 2*l - 72, 4*w - 3*w + 3*l - 13 = 0. What is the remainder when w is divided by 9?
4
Let t(i) = i**3 + i + 34. Let w be (-3)/(-9)*3*0. Calculate the remainder when t(w) is divided by 12.
10
What is the remainder when 55 is divided by (-2)/3*(-57)/2?
17
Suppose 0*t + 124 = 3*t + 2*s, 5*s - 50 = -t. Calculate the remainder when t is divided by 11.
7
Let o(h) = -3*h + 0*h + 8 + 2*h. Let t be o(0). Suppose -25 = -3*p 